16
Suppose 0 = 4*d - 2*g + 4*g - 18, -5*g = d. Calculate the remainder when 126 is divided by (74 + -2)/(10/d).
18
Suppose -5*a = -74 + 4. Let v = -1160 - -1214. What is the remainder when v is divided by a?
12
Suppose 2*a - 34 = -4*p, -10 - 14 = -3*p - 3*a. Let w(b) = -b**3 + 6*b**2 + 2*b + 8. Calculate the remainder when w(6) is divided by -8 - (-29 + (19 - p)).
9
Let h(t) = t**3 + 12*t**2 - 24*t - 30. Suppose -11 + 3 = 2*l. Let b(d) = d**3 + 5*d**2 - 7*d - 6. Calculate the remainder when h(-13) is divided by b(l).
37
Let z = 261 + -257. Suppose -3*c + 107 - 17 = z*d, -c + 3*d + 17 = 0. What is the remainder when c is divided by 8?
2
Let t = -13751 + 13769. What is the remainder when 327 is divided by t?
3
What is the remainder when 38 is divided by (24 - 35) + 22 - (6 + (3 - 2))?
2
Let j(d) = 12*d + 166. Let h be j(15). Let p = -339 + h. Calculate the remainder when 34 is divided by p.
6
Let j = -40 - -124. Let z = 148 - j. Calculate the remainder when z is divided by 13.
12
Let z(t) = t**3 - 7*t**2 + 4*t + 7. Let d be z(6). Let k = 16 + d. Suppose -141*r + 2236 = -89*r. Calculate the remainder when r is divided by k.
10
Let d(o) = -604*o - 502. What is the remainder when d(-3) is divided by 19?
18
What is the remainder when 9/(27/51) - -988 is divided by 24?
21
Let o = 134 - 125. Let j(m) = m**2 - 27*m - 25. What is the remainder when o is divided by j(28)?
0
Suppose -2*d + 124 = 2*h, 143 = 4*d - 4*h - 153. What is the remainder when d is divided by 18?
14
What is the remainder when 2210 is divided by (-12)/(-1) - 4470/375 - (-3073)/25?
119
Suppose 6*y = 20*y - 1680. Suppose 4*o + 5*g - y = 3*g, -3*o + 101 = -4*g. Suppose -3*n - 4 = -31. Calculate the remainder when o is divided by n.
4
Let f = 518 - -1459. Calculate the remainder when f is divided by 33.
30
Suppose -2*x + 4*k = -6, 2*x = -2*k + 32 + 4. Calculate the remainder when (-9)/(-1)*(-4 - 35/(-3)) is divided by x - (2 - 1 - 0).
9
Suppose -4*a - 232 = -88. Let h be ((-918)/a)/(2/4). Suppose 2*m - 44 = -5*q, -4*m + h = -3*q - 11. What is the remainder when m is divided by 5?
2
Let o(q) = q**3 - 14*q**2 + 35*q - 18. Let w be o(11). Suppose w = n - 6. What is the remainder when n is divided by 5?
0
Let p = 7641 + -6743. What is the remainder when p is divided by 15?
13
Suppose 3*c - 2*k - 39 - 58 = 0, 0 = -3*c - 3*k + 72. What is the remainder when 890/11 - c/(-319) is divided by 17?
13
What is the remainder when 3454 is divided by -13 + (-22896)/(-112) + (-8)/(-14)?
190
Let k be 3/39 + (-2490)/(-78). Suppose 0 = 33*g - k*g - 21. Calculate the remainder when 164 is divided by g.
17
Suppose 942 = 3*b + 33. Let g = b + -269. Calculate the remainder when 61 is divided by g.
27
Let k be 1*37 + (-9)/(54/(-12)). Let z be (-12)/66 + (-394)/11. Let n = k + z. Calculate the remainder when 10 is divided by n.
1
Suppose 5*m - 1355 = 8*g - 13*g, -5*m = -3*g - 1371. Calculate the remainder when m is divided by 74.
51
Suppose -1730 = -3*y + 2*w + 818, -4246 = -5*y + 4*w. What is the remainder when y is divided by 71?
69
Suppose -28*a + 14*a + 1636 - 138 = 0. What is the remainder when 832 is divided by a?
83
Let i(l) = -l**3 - 26*l**2 + 61*l + 160. Calculate the remainder when 2753 is divided by i(-29).
11
Suppose 4*r - 2*b - 11820 = 3*r, 2*b + 47292 = 4*r. What is the remainder when r is divided by 26?
20
Let h = -1728 + 1802. What is the remainder when 795 is divided by h?
55
Let t(j) = -j + 10. Let z = -160 + 278. Calculate the remainder when z is divided by t(-30).
38
Suppose 3*j - 665 = -2*j + u, 0 = -5*j + 2*u + 660. Suppose 20 = 11*g - j. Suppose g*h - 12*h = 144. Calculate the remainder when h is divided by 37.
35
Let d be 891/15 + (-9)/(-15). Let f = 114 + -117. What is the remainder when 4/(-1 + (-22)/d*f) is divided by 11?
7
Let f = -54 + 54. Suppose 7 = -f*h + h. Suppose j - 26 + h = 2*o, j = -3*o - 1. What is the remainder when 30 is divided by j?
8
Suppose -7669*m + 12750 = -7654*m. Calculate the remainder when m is divided by 43.
33
Suppose 0 = 8*g - 12*g + 4*z + 116, -5*g + 152 = 2*z. Calculate the remainder when 852 is divided by g.
12
Suppose 6 = 3*j, s + 2*j = 3*s - 4. Let i be (-2)/(s - 360/92). Let u = 48 + i. Calculate the remainder when 97 is divided by u.
22
Let d(x) = 79*x - 1407. Let m(c) = -c**2 - 15*c - 7. Let o be 0/(-3) - (0 - -10). What is the remainder when m(o) is divided by d(18)?
13
Suppose -210*o + 195*o = -973 - 332. Calculate the remainder when 343 is divided by o.
82
Let g(p) = 45*p**2 + 7*p - 7. Suppose 3 = -k - 0, 0 = o + 5*k + 5. Calculate the remainder when g(1) is divided by o.
5
Let k(l) = l**2 + 25. Suppose -52*b = -339 - 77. Suppose -q - 2*q = -75. Calculate the remainder when k(b) is divided by q.
14
Suppose 87*h + 60 = 93*h. Suppose h*n - 196 = 54. Calculate the remainder when 38 is divided by n.
13
Let c be (-3)/5 + (-42)/(-70). Suppose 39*g - 40*g - 201 = c. Let b = g - -344. What is the remainder when b is divided by 12?
11
Suppose -2*i + s = -11, -2*s = 5*i - s - 52. Calculate the remainder when 838 is divided by i.
1
Let j = -1376 - -1401. Calculate the remainder when j is divided by (-1 + -17)*6/(2 - 20).
1
Suppose -401 = -5*d + b + 823, 3*b = 3*d - 732. Suppose 0 = 20*t - 13*t - d. Calculate the remainder when t is divided by 20.
15
Suppose 0 = -2*r + 8, 5*g - 120 = 3*g - r. Suppose -d - g = -0*d + t, -4*t - 73 = d. Let k = d - -75. What is the remainder when 65 is divided by k?
21
Let g = -1030 - -575. Let h = 466 + g. Calculate the remainder when 559 is divided by h.
9
Suppose -5*h + 65 = 3*q, -5*q = -h - 0*h - 155. Suppose b - 107 - 20 = 0. Let z = -119 + b. What is the remainder when q is divided by z?
6
Suppose -82*p = -1490 - 232. Calculate the remainder when p is divided by 2.
1
What is the remainder when -93*(-1)/4*28 is divided by 51?
39
Let p(b) = 6*b**2 - 49*b + 68. What is the remainder when 259 is divided by p(11)?
4
Let r(j) = 3*j**2 - 108*j + 134. What is the remainder when 724 is divided by r(35)?
28
Let m = 730 - 728. Suppose m*o = -0*o + 36. Calculate the remainder when 196 is divided by o.
16
Suppose -243 = -7*n - 40. Suppose 3*v - 3*h - 237 = -63, 101 = 2*v + 3*h. Calculate the remainder when v is divided by n.
26
Let s be (25 - 35) + (-1 - 1 - 3). Calculate the remainder when 148*(-4)/(s - -7) is divided by 13.
9
Let d(a) = 5*a**2 + 2*a + 12. Let j be d(4). Let q(n) = n + 2. Let s be q(3). Suppose -s*f + 9*f - j = 0. What is the remainder when 49 is divided by f?
24
Suppose -36 = -2*n - 6. Suppose -16 = 6*a - 10*a. Suppose 0 + a = g. Calculate the remainder when n is divided by g.
3
Let v(y) = y**3 + 10*y**2 + 4*y + 30. Let j be v(-8). Suppose 3*d - 3*i = d + 86, -3*d + 3*i = -j. Calculate the remainder when d is divided by 7.
5
Let h = -240 - -255. Suppose -5026 = -h*b + b. Calculate the remainder when b is divided by 60.
59
Suppose 3*i - 217 = n, 2*i + 2*n = 5*n + 133. Let q = 541 + -526. What is the remainder when i is divided by q?
14
Let l(q) = -q**3 + 9*q**2 - 4*q + 8. Let i be l(8). Let o be (0 - 17)/(((-14)/i)/7). Suppose 2*b - o = -8*b. Calculate the remainder when 101 is divided by b.
33
Let t(d) = -2*d**3 - 4*d**2 - 10*d - 26. Let i be t(-5). Calculate the remainder when 57 is divided by ((-6)/9)/((-4)/i).
28
Calculate the remainder when 393 is divided by -1 + 2 - (33 + (-7 - 34)).
6
Suppose -249 = -5*h - t, 483*h - 486*h + 2*t = -139. Calculate the remainder when 960 is divided by h.
29
Let l = -211 + 257. Suppose 2*d = -5*u + 2 - 0, 3*u - 2 = -2*d. Calculate the remainder when l is divided by (-15)/(-5) + (21 - u).
22
Let w = 56 - 48. Let a be 0*(20/w - 2). Suppose a = -13*j + 8*j + 110. What is the remainder when 64 is divided by j?
20
Let l(j) = 2*j**2 + 3*j - 2. Let m be l(-5). Let p = -17 + m. Suppose -6*w = 11*w - 153. Calculate the remainder when p is divided by w.
7
Suppose -2*g - 196 = -3*o, -5*o + 60 = 5*g - 225. Let h(l) = 36*l + 5. What is the remainder when h(5) is divided by o?
61
Suppose -155*a + 85768 = -429297. Calculate the remainder when a is divided by 79.
5
Suppose -21 = -z + 12. Let n be 5/(-3) + -3 + (-50)/(-30). Calculate the remainder when z is divided by (n + 20/6)/(5/255).
16
Let x = -17595 + 17674. What is the remainder when 7817 is divided by x?
75
Let x(n) = -n**2 + 6*n + 4. L